26?
18
What is the greatest common divisor of 126 and 4802?
14
What is the highest common factor of 1150 and 50?
50
What is the greatest common factor of 6400 and 16?
16
Calculate the highest common divisor of 65 and 1170.
65
Calculate the highest common divisor of 65 and 169.
13
Calculate the highest common divisor of 48 and 108.
12
What is the highest common factor of 1729 and 182?
91
Calculate the highest common factor of 230 and 10.
10
What is the highest common divisor of 1060 and 2014?
106
Calculate the greatest common factor of 28405 and 494.
247
What is the highest common divisor of 8 and 27?
1
Calculate the highest common divisor of 32 and 18016.
32
Calculate the greatest common factor of 215 and 344.
43
Calculate the greatest common factor of 969 and 204.
51
What is the greatest common factor of 184 and 138?
46
What is the highest common factor of 7743 and 1653?
87
What is the highest common divisor of 425 and 125?
25
What is the greatest common factor of 4068 and 36?
36
Calculate the greatest common divisor of 59 and 472.
59
Calculate the greatest common divisor of 39 and 897.
39
What is the highest common divisor of 84 and 28?
28
What is the highest common factor of 97 and 15229?
97
Calculate the greatest common factor of 225 and 100.
25
What is the greatest common divisor of 629 and 17?
17
What is the greatest common divisor of 6 and 183?
3
Calculate the highest common factor of 114 and 24.
6
Calculate the greatest common factor of 315 and 405.
45
Calculate the greatest common factor of 1112 and 16.
8
What is the highest common divisor of 1649 and 68?
17
What is the greatest common factor of 2772 and 756?
252
Calculate the greatest common divisor of 5 and 320.
5
Calculate the highest common factor of 10 and 35.
5
Calculate the greatest common divisor of 4188 and 156.
12
What is the greatest common divisor of 36 and 1266?
6
Calculate the greatest common factor of 86213 and 73.
73
What is the highest common divisor of 186 and 138?
6
What is the greatest common factor of 98 and 238?
14
Calculate the greatest common divisor of 1173 and 51.
51
Calculate the highest common divisor of 540 and 189.
27
What is the highest common divisor of 42 and 24906?
42
What is the greatest common factor of 177 and 2?
1
Calculate the highest common divisor of 2300 and 690.
230
Calculate the greatest common divisor of 161 and 299.
23
Calculate the greatest common divisor of 1395 and 90.
45
What is the highest common factor of 58 and 486?
2
Calculate the greatest common factor of 296 and 7400.
296
Calculate the greatest common factor of 4551 and 74.
37
Calculate the greatest common divisor of 156 and 312.
156
What is the highest common divisor of 75 and 9075?
75
What is the highest common factor of 1232 and 240?
16
Calculate the highest common factor of 1666 and 490.
98
What is the greatest common factor of 1944 and 36?
36
Calculate the highest common factor of 646 and 3434.
34
What is the highest common divisor of 28 and 497?
7
What is the greatest common factor of 9845 and 165?
55
What is the greatest common factor of 11 and 44?
11
Calculate the greatest common divisor of 7 and 77.
7
What is the greatest common divisor of 3 and 201?
3
Calculate the highest common divisor of 3114 and 18.
18
Calculate the greatest common factor of 28 and 49.
7
What is the highest common factor of 1872 and 54?
18
Calculate the greatest common divisor of 2580 and 120.
60
Calculate the highest common factor of 30155 and 5.
5
Calculate the greatest common factor of 2581 and 29.
29
What is the greatest common divisor of 723 and 34463?
241
Calculate the highest common divisor of 12 and 606.
6
Calculate the highest common factor of 65 and 117.
13
Calculate the highest common divisor of 55 and 88.
11
What is the highest common divisor of 180 and 40?
20
What is the greatest common factor of 1763 and 129?
43
Calculate the greatest common factor of 65 and 26.
13
Calculate the highest common factor of 10350 and 115.
115
Calculate the highest common divisor of 376 and 8.
8
Calculate the highest common divisor of 10 and 755.
5
Calculate the highest common divisor of 196 and 9632.
28
Calculate the highest common factor of 24 and 2752.
8
What is the highest common factor of 7 and 14?
7
What is the highest common divisor of 293 and 1?
1
Calculate the greatest common factor of 871 and 268.
67
What is the greatest common factor of 891 and 4587?
33
What is the greatest common factor of 7765 and 5?
5
What is the greatest common divisor of 4120 and 180?
20
What is the highest common factor of 689 and 65?
13
Calculate the highest common divisor of 88 and 2376.
88
Calculate the highest common divisor of 16853 and 19.
19
Calculate the greatest common factor of 36 and 6384.
12
What is the greatest common divisor of 14805 and 225?
45
Calculate the greatest common factor of 900 and 90.
90
What is the highest common divisor of 186 and 124?
62
Calculate the greatest common factor of 30 and 50.
10
What is the highest common divisor of 85 and 136?
17
What is the highest common factor of 6 and 33?
3
What is the greatest common factor of 45 and 22716?
9
What is the highest common divisor of 3625 and 435?
145
What is the highest common divisor of 11 and 297?
11
What is the highest common factor of 18 and 45?
9
What is the greatest common divisor of 9 and 9?
9
What is the greatest common divisor of 52 and 39?
13
Calculate the greatest common divisor of 320 and 608.
32
What is the highest common factor of 16 and 152?
8
Calculate the greatest common divisor of 40 and 16760.
40
What is the highest common divisor of 652 and 4?
4
Calculate the greatest common factor of 2519 and 11.
11
Calculate the greatest common divisor of 50 and 4370.
10
Calculate the greatest common factor of 57 and 399.
57
Calculate the greatest common divisor of 128 and 544.
32
Calculate the greatest common factor of 512 and 192.
64
What is the greatest common factor of 2352 and 96?
48
What is the highest common factor of 176 and 33?
11
What is the greatest common divisor of 289 and 17?
17
What is the greatest common factor of 2826 and 785?
157
Calculate the greatest common divisor of 1209 and 930.
93
Calculate the greatest common divisor of 616 and 77.
77
What is the greatest common divisor of 33 and 737?
11
What is the greatest common divisor of 35 and 7?
7
Calculate the highest common divisor of 28 and 2588.
4
What is the highest common factor of 100 and 140?
20
Calculate the highest common factor of 64 and 16.
16
What is the greatest common divisor of 7038 and 36?
18
What is the highest common divisor of 16440 and 240?
120
Calculate the highest common factor of 442 and 1734.
34
Calculate the greatest common divisor of 16 and 4688.
16
Calculate the greatest common divisor of 374 and 5797.
187
What is the highest common divisor of 976 and 80?
16
Calculate the greatest common factor of 9280 and 320.
320
What is the greatest common factor of 42 and 14?
14
What is the greatest common factor of 64 and 352?
32
What is the highest common divisor of 42 and 35616?
42
Calculate the highest common divisor of 52 and 637.
13
What is the greatest common factor of 14 and 350?
14
What is the greatest common divisor of 4041 and 18?
9
What is the highest common factor of 16 and 1448?
8
What is the greatest common divisor of 1004 and 160?
4
Calculate the highest common divisor of 28 and 1148.
28
What is the greatest common divisor of 74045 and 295?
295
Calculate the highest common divisor of 2279 and 946.
43
Calculate the highest common factor of 196 and 49.
49
Calculate the greatest common factor of 840 and 112.
56
Calculate the highest common factor of 1812 and 108.
12
Calculate the highest common divisor of 795 and 15.
15
Calculate the highest common divisor of 18 and 138.
6
What is the highest common divisor of 507 and 156?
39
What is the highest common factor of 125 and 525?
25
Calculate the highest common divisor of 712 and 8.
8
What is the greatest common divisor of 35 and 2135?
35
What is the greatest common factor of 290 and 1102?
58
What is the highest common factor of 27 and 675?
27
What is the highest common divisor of 14 and 1582?
14
What is the highest common divisor of 114114 and 26?
26
What is the greatest common factor of 6313 and 59